 to base 14
-46
Convert -2 (base 4) to base 12.
-2
-5 (base 9) to base 8
-5
Convert 6 (base 10) to base 15.
6
Convert 331 (base 4) to base 2.
111101
-13 (base 7) to base 14
-a
2d (base 14) to base 11
38
-aa (base 16) to base 5
-1140
What is 14 (base 7) in base 10?
11
-101 (base 6) to base 15
-27
13b (base 15) to base 4
10121
Convert 2 (base 11) to base 4.
2
Convert 2232 (base 4) to base 12.
126
33 (base 12) to base 9
43
What is -43 (base 13) in base 10?
-55
-24 (base 10) to base 9
-26
Convert 4 (base 13) to base 10.
4
What is -1 (base 2) in base 10?
-1
Convert -61 (base 7) to base 6.
-111
What is -5 (base 13) in base 3?
-12
What is 36 (base 7) in base 5?
102
Convert 13 (base 5) to base 12.
8
Convert -7 (base 13) to base 11.
-7
-13 (base 10) to base 14
-d
What is -77 (base 8) in base 10?
-63
What is 212 (base 3) in base 4?
113
-1b (base 15) to base 14
-1c
1 (base 9) to base 8
1
What is 15 (base 15) in base 16?
14
125 (base 15) to base 2
100000100
Convert 12 (base 9) to base 15.
b
What is -2 (base 11) in base 4?
-2
What is 1 (base 12) in base 6?
1
9 (base 10) to base 16
9
26 (base 13) to base 12
28
What is 0 (base 8) in base 14?
0
What is -170 (base 8) in base 10?
-120
3 (base 4) to base 14
3
What is -115 (base 7) in base 4?
-331
Convert 1 (base 12) to base 5.
1
Convert 1 (base 9) to base 11.
1
-1 (base 4) to base 9
-1
Convert 402 (base 5) to base 12.
86
14 (base 8) to base 9
13
-6 (base 7) to base 9
-6
-6 (base 12) to base 8
-6
-3 (base 4) to base 7
-3
What is 2 (base 16) in base 15?
2
Convert -4 (base 16) to base 12.
-4
Convert 21 (base 3) to base 16.
7
-37 (base 12) to base 6
-111
What is 20 (base 13) in base 3?
222
Convert 314 (base 5) to base 9.
103
What is 1000110 (base 2) in base 8?
106
What is 22100 (base 3) in base 4?
3201
-51 (base 16) to base 15
-56
Convert -122 (base 3) to base 16.
-11
Convert -1001010 (base 2) to base 5.
-244
Convert 3 (base 10) to base 12.
3
What is -4 (base 8) in base 14?
-4
Convert 44 (base 5) to base 13.
1b
What is -10 (base 3) in base 7?
-3
23 (base 6) to base 11
14
-7 (base 9) to base 3
-21
What is 5 (base 16) in base 3?
12
Convert -8 (base 16) to base 3.
-22
What is 4 (base 13) in base 8?
4
What is db (base 14) in base 11?
166
What is -5f (base 16) in base 11?
-87
4 (base 8) to base 4
10
-1 (base 8) to base 5
-1
-20200 (base 3) to base 2
-10110100
What is 0 (base 5) in base 10?
0
Convert -110 (base 2) to base 10.
-6
Convert 10 (base 12) to base 13.
c
Convert -10 (base 14) to base 10.
-14
What is 3 (base 11) in base 8?
3
-112 (base 3) to base 9
-15
Convert 1 (base 7) to base 15.
1
What is 2 (base 16) in base 6?
2
101 (base 11) to base 4
1322
What is -50 (base 12) in base 9?
-66
Convert 69 (base 11) to base 13.
5a
What is 5 (base 13) in base 4?
11
Convert 0 (base 14) to base 7.
0
140 (base 8) to base 12
80
What is 2021 (base 4) in base 3?
12002
Convert 0 (base 5) to base 8.
0
Convert 211 (base 3) to base 9.
24
-13 (base 5) to base 2
-1000
What is -20 (base 14) in base 7?
-40
3 (base 10) to base 14
3
-10210 (base 4) to base 16
-124
-25 (base 12) to base 15
-1e
Convert 136 (base 9) to base 15.
79
What is -5 (base 7) in base 8?
-5
Convert -33 (base 13) to base 16.
-2a
What is -11 (base 2) in base 12?
-3
-14 (base 8) to base 16
-c
Convert 12 (base 8) to base 5.
20
12 (base 5) to base 11
7
What is 6 (base 16) in base 5?
11
Convert 5 (base 13) to base 16.
5
4 (base 10) to base 3
11
What is -6 (base 7) in base 3?
-20
-5 (base 6) to base 10
-5
Convert -204 (base 5) to base 15.
-39
What is 42 (base 13) in base 2?
110110
What is 11 (base 4) in base 14?
5
What is 1100 (base 2) in base 11?
11
What is -2 (base 7) in base 9?
-2
What is 44 (base 10) in base 3?
1122
-6 (base 13) to base 16
-6
Convert -1004 (base 6) to base 2.
-11011100
What is -23 (base 9) in base 13?
-18
Convert -12 (base 3) to base 15.
-5
Convert -2 (base 3) to base 11.
-2
37 (base 16) to base 15
3a
Convert -11 (base 4) to base 2.
-101
Convert 8 (base 10) to base 4.
20
Convert 6 (base 12) to base 8.
6
-10 (base 4) to base 13
-4
What is -4 (base 7) in base 5?
-4
12 (base 8) to base 11
a
What is -3 (base 14) in base 8?
-3
Convert 111 (base 3) to base 6.
21
-5 (base 12) to base 9
-5
1 (base 3) to base 7
1
What is 34 (base 6) in base 12?
1a
What is -50 (base 8) in base 11?
-37
Convert 60 (base 14) to base 7.
150
What is 3 (base 10) in base 16?
3
-59 (base 10) to base 13
-47
What is -153 (base 11) in base 10?
-179
What is -1 (base 12) in base 10?
-1
What is -30 (base 8) in base 7?
-33
-162 (base 8) to base 5
-424
What is -12 (base 7) in base 10?
-9
Convert 111 (base 13) to base 4.
2313
-10 (base 2) to base 14
-2
21 (base 8) to base 16
11
What is 61 (base 7) in base 3?
1121
-43 (base 5) to base 2
-10111
What is 14 (base 13) in base 4?
101
What is -11 (base 3) in base 10?
-4
-1010 (base 2) to base 5
-20
13 (base 8) to base 5
21
-2 (base 6) to base 2
-10
What is -4f (base 16) in base 6?
-211
What is -231 (base 7) in base 14?
-88
What is -3 (base 16) in base 10?
-3
Convert -11 (base 14) to base 9.
-16
35 (base 11) to base 7
53
Convert -21 (base 10) to base 7.
-30
What is 107 (base 13) in base 12?
128
-543 (base 6) to base 11
-179
What is -14 (base 11) in base 2?
-1111
-34 (base 9) to base 8
-37
Convert -67 (base 11) to base 14.
-53
Convert -11 (base 14) to base 11.
-14
Convert -10 (base 3) to base 2.
-11
What is -30 (base 12) in base 10?
-36
Convert -101110 (base 2) to base 10.
-46
Convert 0 (base 11) to base 5.
0
What is -100011 (base 2) in base 3?
-1022
What is 126 (base 8) in base 7?
152
What is 2 (base 10) in base 4?
2
4 (base 16) to base 12
4
What is -1b (base 15) in base 10?
-26
89 (base 13) to base 7
221
-30 (base 9) to base 6
-43
Convert -43 (base 12) to base 3.
-1220
-148 (base 15) to base 10
-293
2a (base 13) to base 12
30
225 (base 6) to base 7
155
-20002 (base 3) to base 6
-432
-10 (base 2) to base 6
-2
Convert -c (base 15) to base 14.
-c
Convert -101101 (base 2) to base 7.
-63
Convert 115 (base 7) to base 9.
67
-62 (base 16) to base 3
-10122
What is -4 (base 13) in base 9?
-4
4 (base 11) to base 15
4
-b3 (base 16) to base 14
-cb
-5 (base 15) to base 12
-5
What is 4c (base 16) in base 15?
51
-12 (base 5) to base 13
-7
Convert -7 (base 11) to base 15.
-7
-23 (base 9) to base 2
-10101
What is -10 (base 15) in base 9?
-16
What is 2 (base 16) in base 10?
2
-1 (base 16) to base 13
-1
Convert -4 (base 13) to base 6.
-4
3 (base 9) to base 15
3
25 (base 11) to base 13
21
Convert -1 (base 10) to base 8.
-1
-18 (base 10) to base 13
-15
Convert -7 (base 12) to base 10.
-7
Convert -13 (base 10) to base 16.
-d
23 (base 16) to base 5
120
What is 20110 (base 3) in base 4?
2232
20 (base 15) to base 2
11110
-14 (base 8) to base 9
-13
What is -2 (base 3) in base 9?
-2
Convert 302 (base 5) to base 2.
1001101
Convert 10 (base 2) to base 8.
2
What is 21 (base 5) in base 6?
15
3 (base 5) to base 3
10
What is -11 (base 6) in base 3?
-21
d (base 16) to base 4
31
-11 (base 6) to base 16
-7
1001 (base 5) to base 10
126
What is -110 (base 2) in base 7?
-6
-221 (base 6) to base 10
-85
What is -2 (base 5) in base 7?
-2
-4a (base 15) to base 8
-106
Convert -31 (base 15) to base 7.
-64
19c (base 13) to base 5
2143
Convert 1 (base 9) to base 6.
1
1a (base 12) to base 9
24
Convert -1 (base 2) to base 13.
-1
2 (base 15) to base 5
2
2 (base 3) to base 4
2
Convert -110001 (base 2) to base 9.
-54
What is 12 (base 3) in base 15?
5
Convert -1 (base 7) to base 8.
-1
Convert 20122 (base 3) to base 14.
cb
What is 39 (base 10) in base 4?
213
23 (base 4) to base 7
14
What is -2 (base 5) in base 6?
-2
What is 154 (base 7) in base 12?
74
Convert -343 (base 5) to base 7.
-200
What is 22 (base 9) in base 6?
32
What is 12 (base 15) in base 16?
11
242 (base 5) to base 11
66
-421 (base 5) to base 12
-93
Convert -1 (base 6) to base 11.
-1
What is -3 (base 6) in base 16?
-3
0 (base 3) to base 10
0
Convert -20 (base 5) to base 15.
-a
What is -12101 (base 3) in base 9?
-171
What is -18 (base 15) in base 11?
-21
What is 12 (base 7) in base 8?
11
What is 16 (base 8) in base 5?
24
-1 (base 15) to base 2
-1
Convert 2 (base 3) to base 13.
2
-2 (base 16) to base 2
-10
Convert 7 (base 11) to base 10.
7
What is 1 (base 9) in base 10?
1
1313 (base 4) to base 12
9b
Convert -2 (base 13) to base 4.
-2
1001110 (base 